{"id":2397,"date":"2024-01-24T19:51:42","date_gmt":"2024-01-24T19:51:42","guid":{"rendered":"https:\/\/corepack.com.mx\/?page_id=2397"},"modified":"2025-05-28T19:07:11","modified_gmt":"2025-05-28T19:07:11","slug":"corecimbra","status":"publish","type":"page","link":"https:\/\/corepack.com.mx\/index.php\/corecimbra\/","title":{"rendered":"CoreCimbra"},"content":{"rendered":"<p>[vc_row overlay_dotted=&#8221;&#8221;][vc_column][vc_single_image image=&#8221;2462&#8243; img_size=&#8221;medium&#8221; alignment=&#8221;center&#8221;][vc_empty_space][\/vc_column][\/vc_row][vc_row][vc_column width=&#8221;1\/2&#8243;][vc_images_carousel images=&#8221;2403,2404,2405,2406,2407,2408&#8243; img_size=&#8221;560&#215;560&#8243; onclick=&#8221;link_no&#8221; autoplay=&#8221;yes&#8221;][\/vc_column][vc_column width=&#8221;1\/2&#8243;][vc_single_image image=&#8221;2401&#8243; img_size=&#8221;medium&#8221;][vc_column_text]<h3 class=\"detail-title\">Tubo de cart\u00f3n para cimbra de concreto<\/h3>[\/vc_column_text][vc_column_text]El\u00a0<strong>Tubo de cart\u00f3n para cimbra de concreto<\/strong> est\u00e1 fabricado con diferentes capas de papel (reciclado). En el interior, lleva una capa de parafina para evitar que se pegue la mezcla. En el exterior, lleva un top de papel especial que soporta la intemperie (lluvia, altas y bajas temperaturas).<\/p>\n<p>Es un \u201cmolde\u201d para columnas cil\u00edndricas. As\u00ed se evita la cimbra de madera. Y es un producto de bajo costo, f\u00e1cil de transportar, instalar, ocupar y desmoldar.<\/p>\n<p><strong>Beneficios:<\/strong><\/p>\n<ul>\n<li>Mayor resistencia<\/li>\n<li>Reducci\u00f3n en Costos y en Tiempo<\/li>\n<li>Solidez para recibir vibraciones<\/li>\n<li>Permite el fraguado adecuado<\/li>\n<li>Aligeramiento de Losas<\/li>\n<li>Ahorro en Mano de Obra<\/li>\n<\/ul>\n<p><strong>Caracter\u00edsticas:<\/strong><\/p>\n<ul>\n<li>Los tubos tienen 3 metros de largo.<\/li>\n<li>Y sus diferentes medidas de di\u00e1metro son: 15, 20, 25, 30, 35, 40, 45, 50, 60, 70, 80, 100 cent\u00edmetros.<\/li>\n<\/ul>\n<p>[\/vc_column_text]<a class=\"roof-btn btn-secondary  vc_custom_1706030926173 roof-btn-medium roof-btn-69ea514d76987 btn-icon-left rounded-three \" href=\"mailto:ventas@corepack.com.mx\"><i class=\"fa fa-envelope-o\"><\/i><span class=\"btn-text\">\u00a1Cotiza ahora!<\/span><\/a>[\/vc_column][\/vc_row][vc_section][\/vc_section][vc_section][vc_row][vc_column width=&#8221;1\/2&#8243;][vc_column_text]<h3 class=\"detail-title\">Cont\u00e1ctanos<\/h3>[\/vc_column_text][vc_custom_heading text=&#8221;Si necesitas m\u00e1s informaci\u00f3n acerca de nuestros productos, no dudes en comunicarte y en breve atenderemos todas tus dudas.&#8221; font_container=&#8221;tag:h2|font_size:14px|text_align:left|color:%23888888|line_height:25px&#8221; google_fonts=&#8221;font_family:Open%20Sans%3A300%2C300italic%2Cregular%2Citalic%2C600%2C600italic%2C700%2C700italic%2C800%2C800italic|font_style:400%20regular%3A400%3Anormal&#8221;][vc_column_text]\n<div class=\"wpcf7 no-js\" id=\"wpcf7-f2268-o1\" lang=\"es-MX\" dir=\"ltr\" data-wpcf7-id=\"2268\">\n<div class=\"screen-reader-response\"><p role=\"status\" aria-live=\"polite\" aria-atomic=\"true\"><\/p> <ul><\/ul><\/div>\n<form action=\"\/index.php\/wp-json\/wp\/v2\/pages\/2397#wpcf7-f2268-o1\" method=\"post\" class=\"wpcf7-form init\" aria-label=\"Formulario de contacto\" novalidate=\"novalidate\" data-status=\"init\">\n<div style=\"display: none;\">\n<input type=\"hidden\" name=\"_wpcf7\" value=\"2268\" \/>\n<input type=\"hidden\" name=\"_wpcf7_version\" value=\"6.0.6\" \/>\n<input type=\"hidden\" name=\"_wpcf7_locale\" value=\"es_MX\" \/>\n<input type=\"hidden\" name=\"_wpcf7_unit_tag\" value=\"wpcf7-f2268-o1\" \/>\n<input type=\"hidden\" name=\"_wpcf7_container_post\" value=\"0\" \/>\n<input type=\"hidden\" name=\"_wpcf7_posted_data_hash\" value=\"\" \/>\n<input type=\"hidden\" name=\"_wpcf7_recaptcha_response\" value=\"\" \/>\n<\/div>\n<p><label> Tu nombre<br \/>\n<span class=\"wpcf7-form-control-wrap\" data-name=\"your-name\"><input size=\"40\" maxlength=\"400\" class=\"wpcf7-form-control wpcf7-text wpcf7-validates-as-required\" aria-required=\"true\" aria-invalid=\"false\" value=\"\" type=\"text\" name=\"your-name\" \/><\/span> <\/label>\n<\/p>\n<p><label> Tu correo electr\u00f3nico<br \/>\n<span class=\"wpcf7-form-control-wrap\" data-name=\"your-email\"><input size=\"40\" maxlength=\"400\" class=\"wpcf7-form-control wpcf7-email wpcf7-validates-as-required wpcf7-text wpcf7-validates-as-email\" aria-required=\"true\" aria-invalid=\"false\" value=\"\" type=\"email\" name=\"your-email\" \/><\/span> <\/label>\n<\/p>\n<p><label> Tu tel\u00e9fono<br \/>\n<span class=\"wpcf7-form-control-wrap\" data-name=\"telef\"><input size=\"40\" maxlength=\"400\" class=\"wpcf7-form-control wpcf7-tel wpcf7-validates-as-required wpcf7-text wpcf7-validates-as-tel\" aria-required=\"true\" aria-invalid=\"false\" value=\"\" type=\"tel\" name=\"telef\" \/><\/span> <\/label>\n<\/p>\n<p><label> Asunto<br \/>\n<span class=\"wpcf7-form-control-wrap\" data-name=\"your-subject\"><input size=\"40\" maxlength=\"400\" class=\"wpcf7-form-control wpcf7-text wpcf7-validates-as-required\" aria-required=\"true\" aria-invalid=\"false\" value=\"\" type=\"text\" name=\"your-subject\" \/><\/span> <\/label>\n<\/p>\n<p><label> Tu mensaje (opcional)<br \/>\n<span class=\"wpcf7-form-control-wrap\" data-name=\"your-message\"><textarea cols=\"40\" rows=\"10\" maxlength=\"2000\" class=\"wpcf7-form-control wpcf7-textarea\" aria-invalid=\"false\" name=\"your-message\"><\/textarea><\/span> <\/label>\n<\/p>\n<p><input class=\"wpcf7-form-control wpcf7-submit has-spinner\" type=\"submit\" value=\"Enviar\" \/>\n<\/p><p style=\"display: none !important;\" class=\"akismet-fields-container\" data-prefix=\"_wpcf7_ak_\"><label>&#916;<textarea name=\"_wpcf7_ak_hp_textarea\" cols=\"45\" rows=\"8\" maxlength=\"100\"><\/textarea><\/label><input type=\"hidden\" id=\"ak_js_1\" name=\"_wpcf7_ak_js\" value=\"24\"\/><script>document.getElementById( \"ak_js_1\" ).setAttribute( \"value\", ( new Date() ).getTime() );<\/script><\/p><input type='hidden' class='wpcf7-pum' value='{\"closepopup\":false,\"closedelay\":0,\"openpopup\":false,\"openpopup_id\":0}' \/><div class=\"wpcf7-response-output\" aria-hidden=\"true\"><\/div>\n<\/form>\n<\/div>\n[\/vc_column_text][\/vc_column][vc_column width=&#8221;1\/2&#8243;][vc_gmaps link=&#8221;#E-8_JTNDaWZyYW1lJTIwc3JjJTNEJTIyaHR0cHMlM0ElMkYlMkZ3d3cuZ29vZ2xlLmNvbSUyRm1hcHMlMkZlbWJlZCUzRnBiJTNEJTIxMW0xOCUyMTFtMTIlMjExbTMlMjExZDI2NTguOTA4MTc4OTc0NzI0MyUyMTJkLTk5LjA2MDYzOTQ5MzM3MjQ4JTIxM2QxOS41MzAyNzU5Mjk5NzY3OTYlMjEybTMlMjExZjAlMjEyZjAlMjEzZjAlMjEzbTIlMjExaTEwMjQlMjEyaTc2OCUyMTRmMTMuMSUyMTNtMyUyMTFtMiUyMTFzMHg4NWQxZjY2ZmFmMzI4ODZkJTI1M0EweDkzOWY2MGI0ZjcyNWExZTIlMjEyc0NvcmVwYWNrJTIxNWUwJTIxM20yJTIxMXNlcyUyMTJzbXglMjE0djE2ODIzNTQ3ODgzMDElMjE1bTIlMjExc2VzJTIxMnNteCUyMiUyMHdpZHRoJTNEJTIyNjAwJTIyJTIwaGVpZ2h0JTNEJTIyNDUwJTIyJTIwc3R5bGUlM0QlMjJib3JkZXIlM0EwJTNCJTIyJTIwYWxsb3dmdWxsc2NyZWVuJTNEJTIyJTIyJTIwbG9hZGluZyUzRCUyMmxhenklMjIlMjByZWZlcnJlcnBvbGljeSUzRCUyMm5vLXJlZmVycmVyLXdoZW4tZG93bmdyYWRlJTIyJTNFJTNDJTJGaWZyYW1lJTNF&#8221;][vc_column_text]<h3 class=\"detail-title\">Informaci\u00f3n de Contacto<\/h3>[\/vc_column_text][vc_row_inner][vc_column_inner width=&#8221;1\/2&#8243;][vc_column_text]<\/p>\n<p class=\"widget-title\"><span style=\"color: #ff6600;\"><strong>EDO. M\u00c9X.<\/strong><\/span><\/p>\n<div class=\"textwidget\">\n<p><strong>Tel<\/strong>: 55.2586.6900<br \/>\n<strong>Tel<\/strong>: 55 6784 5383<br \/>\n<strong>Tel<\/strong>: 55 7618 7056<br \/>\nAv. Vicente Lombardo Toledano 64, Miguel Hidalgo, 55490 Ecatepec de Morelos, M\u00e9x.<\/p>\n<\/div>\n<p>[\/vc_column_text][vc_column_text]<\/p>\n<p class=\"widget-title\"><span style=\"color: #ff6600;\"><strong>MONTERREY<\/strong><\/span><\/p>\n<div class=\"textwidget\">\n<p><strong>Tel<\/strong>: 81.8675.5006<br \/>\nTeodoro Landaur 305. Col. Zimex,<br \/>\nCP: 66358 Santa Catarina, NL.<\/p>\n<\/div>\n<p>[\/vc_column_text][\/vc_column_inner][vc_column_inner width=&#8221;1\/2&#8243;][vc_single_image image=&#8221;2379&#8243; img_size=&#8221;full&#8221;][\/vc_column_inner][\/vc_row_inner][\/vc_column][\/vc_row][\/vc_section][vc_row][vc_column][\/vc_column][\/vc_row]<\/p>\n","protected":false},"excerpt":{"rendered":"[vc_row overlay_dotted=&#8221;&#8221;][vc_column][vc_single_image image=&#8221;2462&#8243; img_size=&#8221;medium&#8221; alignment=&#8221;center&#8221;][vc_empty_space][\/vc_column][\/vc_row][vc_row][vc_column width=&#8221;1\/2&#8243;][vc_images_carousel images=&#8221;2403,2404,2405,2406,2407,2408&#8243; img_size=&#8221;560&#215;560&#8243; onclick=&#8221;link_no&#8221; autoplay=&#8221;yes&#8221;][\/vc_column][vc_column width=&#8221;1\/2&#8243;][vc_single_image image=&#8221;2401&#8243; img_size=&#8221;medium&#8221;][vc_column_text][\/vc_column_text][vc_column_text]El\u00a0Tubo de cart\u00f3n para cimbra de concreto est\u00e1 fabricado con diferentes capas de papel (reciclado). En el interior, lleva una capa de parafina para evitar que se pegue la mezcla. En el exterior, lleva un top de papel especial que soporta la intemperie[&#8230;]","protected":false},"author":3,"featured_media":0,"parent":0,"menu_order":0,"comment_status":"closed","ping_status":"open","template":"","meta":{"footnotes":""},"class_list":["post-2397","page","type-page","status-publish","hentry"],"_links":{"self":[{"href":"https:\/\/corepack.com.mx\/index.php\/wp-json\/wp\/v2\/pages\/2397","targetHints":{"allow":["GET"]}}],"collection":[{"href":"https:\/\/corepack.com.mx\/index.php\/wp-json\/wp\/v2\/pages"}],"about":[{"href":"https:\/\/corepack.com.mx\/index.php\/wp-json\/wp\/v2\/types\/page"}],"author":[{"embeddable":true,"href":"https:\/\/corepack.com.mx\/index.php\/wp-json\/wp\/v2\/users\/3"}],"replies":[{"embeddable":true,"href":"https:\/\/corepack.com.mx\/index.php\/wp-json\/wp\/v2\/comments?post=2397"}],"version-history":[{"count":15,"href":"https:\/\/corepack.com.mx\/index.php\/wp-json\/wp\/v2\/pages\/2397\/revisions"}],"predecessor-version":[{"id":2515,"href":"https:\/\/corepack.com.mx\/index.php\/wp-json\/wp\/v2\/pages\/2397\/revisions\/2515"}],"wp:attachment":[{"href":"https:\/\/corepack.com.mx\/index.php\/wp-json\/wp\/v2\/media?parent=2397"}],"curies":[{"name":"wp","href":"https:\/\/api.w.org\/{rel}","templated":true}]}}