{"id":2422,"date":"2024-01-24T19:51:50","date_gmt":"2024-01-24T19:51:50","guid":{"rendered":"https:\/\/corepack.com.mx\/?page_id=2422"},"modified":"2025-05-28T19:05:06","modified_gmt":"2025-05-28T19:05:06","slug":"tubo-industrial","status":"publish","type":"page","link":"https:\/\/corepack.com.mx\/index.php\/tubo-industrial\/","title":{"rendered":"Tubo industrial"},"content":{"rendered":"<p>[vc_section][vc_row][vc_column width=&#8221;1\/2&#8243;][vc_images_carousel images=&#8221;2416,2417,2418,2419,2420&#8243; img_size=&#8221;560&#215;560&#8243; onclick=&#8221;link_no&#8221; autoplay=&#8221;yes&#8221;][\/vc_column][vc_column width=&#8221;1\/2&#8243;][vc_column_text]<h3 class=\"detail-title\">Tubo industrial<\/h3>[\/vc_column_text][vc_column_text]Los\u00a0<strong>Tubos para Uso Industrial<\/strong>\u00a0fabricados en\u00a0<strong>Corepack<\/strong>, son garant\u00eda de resistencia y calidad para diferentes industrias a las cuales vamos dirigidos, como son:<\/p>\n<ul>\n<li>Pl\u00e1sticos<\/li>\n<li>Papelera<\/li>\n<li>Textil<\/li>\n<li>Acero<\/li>\n<li>Etiquetas<\/li>\n<li>Flejes<\/li>\n<li>Cintas<\/li>\n<\/ul>\n<p><strong>Acabado:<\/strong><\/p>\n<ul>\n<li>Kraft<\/li>\n<li>Blanco<\/li>\n<li>Amarillo<\/li>\n<li>Embosado<\/li>\n<\/ul>\n<p>Pueden contar con impresi\u00f3n interna o externa desde 1 a 3 tintas.<\/p>\n<p><strong>Medidas:<\/strong><\/p>\n<ul>\n<li>Di\u00e1metro: Desde Media Pulgada, hasta 1 metro.<\/li>\n<li>Espesor: Desde 40 Puntos a 900 Puntos<\/li>\n<li>Largo: Desde 12mm hasta 6m.<\/li>\n<\/ul>\n<p>[\/vc_column_text]<a class=\"roof-btn btn-secondary  vc_custom_1706030926173 roof-btn-medium roof-btn-69ea3dba76051 btn-icon-left rounded-three \" href=\"mailto:ventas@corepack.com.mx\"><i class=\"fa fa-envelope-o\"><\/i><span class=\"btn-text\">\u00a1Cotiza ahora!<\/span><\/a>[\/vc_column][\/vc_row][vc_row overlay_dotted=&#8221;&#8221;][vc_column][vc_empty_space height=&#8221;64&#8243;][vc_separator border_width=&#8221;2&#8243; el_width=&#8221;70&#8243;][\/vc_column][\/vc_row][\/vc_section][vc_section][vc_row][vc_column width=&#8221;1\/2&#8243;][vc_column_text]<h3 class=\"detail-title\">Cont\u00e1ctanos<\/h3>[\/vc_column_text][vc_custom_heading text=&#8221;Si necesitas m\u00e1s informaci\u00f3n acerca de nuestros productos, no dudes en comunicarte y en breve atenderemos todas tus dudas.&#8221; font_container=&#8221;tag:h2|font_size:14px|text_align:left|color:%23888888|line_height:25px&#8221; google_fonts=&#8221;font_family:Open%20Sans%3A300%2C300italic%2Cregular%2Citalic%2C600%2C600italic%2C700%2C700italic%2C800%2C800italic|font_style:400%20regular%3A400%3Anormal&#8221;][vc_column_text]\n<div class=\"wpcf7 no-js\" id=\"wpcf7-f2268-o1\" lang=\"es-MX\" dir=\"ltr\" data-wpcf7-id=\"2268\">\n<div class=\"screen-reader-response\"><p role=\"status\" aria-live=\"polite\" aria-atomic=\"true\"><\/p> <ul><\/ul><\/div>\n<form action=\"\/index.php\/wp-json\/wp\/v2\/pages\/2422#wpcf7-f2268-o1\" method=\"post\" class=\"wpcf7-form init\" aria-label=\"Formulario de contacto\" novalidate=\"novalidate\" data-status=\"init\">\n<div style=\"display: none;\">\n<input type=\"hidden\" name=\"_wpcf7\" value=\"2268\" \/>\n<input type=\"hidden\" name=\"_wpcf7_version\" value=\"6.0.6\" \/>\n<input type=\"hidden\" name=\"_wpcf7_locale\" value=\"es_MX\" \/>\n<input type=\"hidden\" name=\"_wpcf7_unit_tag\" value=\"wpcf7-f2268-o1\" \/>\n<input type=\"hidden\" name=\"_wpcf7_container_post\" value=\"0\" \/>\n<input type=\"hidden\" name=\"_wpcf7_posted_data_hash\" value=\"\" \/>\n<input type=\"hidden\" name=\"_wpcf7_recaptcha_response\" value=\"\" \/>\n<\/div>\n<p><label> Tu nombre<br \/>\n<span class=\"wpcf7-form-control-wrap\" data-name=\"your-name\"><input size=\"40\" maxlength=\"400\" class=\"wpcf7-form-control wpcf7-text wpcf7-validates-as-required\" aria-required=\"true\" aria-invalid=\"false\" value=\"\" type=\"text\" name=\"your-name\" \/><\/span> <\/label>\n<\/p>\n<p><label> Tu correo electr\u00f3nico<br \/>\n<span class=\"wpcf7-form-control-wrap\" data-name=\"your-email\"><input size=\"40\" maxlength=\"400\" class=\"wpcf7-form-control wpcf7-email wpcf7-validates-as-required wpcf7-text wpcf7-validates-as-email\" aria-required=\"true\" aria-invalid=\"false\" value=\"\" type=\"email\" name=\"your-email\" \/><\/span> <\/label>\n<\/p>\n<p><label> Tu tel\u00e9fono<br \/>\n<span class=\"wpcf7-form-control-wrap\" data-name=\"telef\"><input size=\"40\" maxlength=\"400\" class=\"wpcf7-form-control wpcf7-tel wpcf7-validates-as-required wpcf7-text wpcf7-validates-as-tel\" aria-required=\"true\" aria-invalid=\"false\" value=\"\" type=\"tel\" name=\"telef\" \/><\/span> <\/label>\n<\/p>\n<p><label> Asunto<br \/>\n<span class=\"wpcf7-form-control-wrap\" data-name=\"your-subject\"><input size=\"40\" maxlength=\"400\" class=\"wpcf7-form-control wpcf7-text wpcf7-validates-as-required\" aria-required=\"true\" aria-invalid=\"false\" value=\"\" type=\"text\" name=\"your-subject\" \/><\/span> <\/label>\n<\/p>\n<p><label> Tu mensaje (opcional)<br \/>\n<span class=\"wpcf7-form-control-wrap\" data-name=\"your-message\"><textarea cols=\"40\" rows=\"10\" maxlength=\"2000\" class=\"wpcf7-form-control wpcf7-textarea\" aria-invalid=\"false\" name=\"your-message\"><\/textarea><\/span> <\/label>\n<\/p>\n<p><input class=\"wpcf7-form-control wpcf7-submit has-spinner\" type=\"submit\" value=\"Enviar\" \/>\n<\/p><p style=\"display: none !important;\" class=\"akismet-fields-container\" data-prefix=\"_wpcf7_ak_\"><label>&#916;<textarea name=\"_wpcf7_ak_hp_textarea\" cols=\"45\" rows=\"8\" maxlength=\"100\"><\/textarea><\/label><input type=\"hidden\" id=\"ak_js_1\" name=\"_wpcf7_ak_js\" value=\"20\"\/><script>document.getElementById( \"ak_js_1\" ).setAttribute( \"value\", ( new Date() ).getTime() );<\/script><\/p><input type='hidden' class='wpcf7-pum' value='{\"closepopup\":false,\"closedelay\":0,\"openpopup\":false,\"openpopup_id\":0}' \/><div class=\"wpcf7-response-output\" aria-hidden=\"true\"><\/div>\n<\/form>\n<\/div>\n[\/vc_column_text][\/vc_column][vc_column width=&#8221;1\/2&#8243;][vc_gmaps link=&#8221;#E-8_JTNDaWZyYW1lJTIwc3JjJTNEJTIyaHR0cHMlM0ElMkYlMkZ3d3cuZ29vZ2xlLmNvbSUyRm1hcHMlMkZlbWJlZCUzRnBiJTNEJTIxMW0xOCUyMTFtMTIlMjExbTMlMjExZDI2NTguOTA4MTc4OTc0NzI0MyUyMTJkLTk5LjA2MDYzOTQ5MzM3MjQ4JTIxM2QxOS41MzAyNzU5Mjk5NzY3OTYlMjEybTMlMjExZjAlMjEyZjAlMjEzZjAlMjEzbTIlMjExaTEwMjQlMjEyaTc2OCUyMTRmMTMuMSUyMTNtMyUyMTFtMiUyMTFzMHg4NWQxZjY2ZmFmMzI4ODZkJTI1M0EweDkzOWY2MGI0ZjcyNWExZTIlMjEyc0NvcmVwYWNrJTIxNWUwJTIxM20yJTIxMXNlcyUyMTJzbXglMjE0djE2ODIzNTQ3ODgzMDElMjE1bTIlMjExc2VzJTIxMnNteCUyMiUyMHdpZHRoJTNEJTIyNjAwJTIyJTIwaGVpZ2h0JTNEJTIyNDUwJTIyJTIwc3R5bGUlM0QlMjJib3JkZXIlM0EwJTNCJTIyJTIwYWxsb3dmdWxsc2NyZWVuJTNEJTIyJTIyJTIwbG9hZGluZyUzRCUyMmxhenklMjIlMjByZWZlcnJlcnBvbGljeSUzRCUyMm5vLXJlZmVycmVyLXdoZW4tZG93bmdyYWRlJTIyJTNFJTNDJTJGaWZyYW1lJTNF&#8221;][vc_column_text]<h3 class=\"detail-title\">Informaci\u00f3n de Contacto<\/h3>[\/vc_column_text][vc_row_inner][vc_column_inner width=&#8221;1\/2&#8243;][vc_column_text]<\/p>\n<p class=\"widget-title\"><span style=\"color: #ff6600;\"><strong>EDO. M\u00c9X.<\/strong><\/span><\/p>\n<div class=\"textwidget\">\n<p><strong>Tel<\/strong>: 55.2586.6900<br \/>\n<strong>Tel<\/strong>: 55 6784 5383<br \/>\n<strong>Tel<\/strong>: 55 7618 7056<br \/>\nAv. Vicente Lombardo Toledano 64, Miguel Hidalgo, 55490 Ecatepec de Morelos, M\u00e9x.<\/p>\n<\/div>\n<p>[\/vc_column_text][vc_column_text]<\/p>\n<p class=\"widget-title\"><span style=\"color: #ff6600;\"><strong>MONTERREY<\/strong><\/span><\/p>\n<div class=\"textwidget\">\n<p><strong>Tel<\/strong>: 81.8675.5006<br \/>\nTeodoro Landaur 305. Col. Zimex,<br \/>\nCP: 66358 Santa Catarina, NL.<\/p>\n<\/div>\n<p>[\/vc_column_text][\/vc_column_inner][vc_column_inner width=&#8221;1\/2&#8243;][vc_single_image image=&#8221;2379&#8243; img_size=&#8221;full&#8221;][\/vc_column_inner][\/vc_row_inner][\/vc_column][\/vc_row][\/vc_section]<\/p>\n","protected":false},"excerpt":{"rendered":"[vc_section][vc_row][vc_column width=&#8221;1\/2&#8243;][vc_images_carousel images=&#8221;2416,2417,2418,2419,2420&#8243; img_size=&#8221;560&#215;560&#8243; onclick=&#8221;link_no&#8221; autoplay=&#8221;yes&#8221;][\/vc_column][vc_column width=&#8221;1\/2&#8243;][vc_column_text][\/vc_column_text][vc_column_text]Los\u00a0Tubos para Uso Industrial\u00a0fabricados en\u00a0Corepack, son garant\u00eda de resistencia y calidad para diferentes industrias a las cuales vamos dirigidos, como son: Pl\u00e1sticos Papelera Textil Acero Etiquetas Flejes Cintas Acabado: Kraft Blanco Amarillo Embosado Pueden contar con impresi\u00f3n interna o externa desde 1 a 3 tintas. Medidas: Di\u00e1metro: Desde Media[&#8230;]","protected":false},"author":3,"featured_media":0,"parent":0,"menu_order":0,"comment_status":"closed","ping_status":"open","template":"","meta":{"footnotes":""},"class_list":["post-2422","page","type-page","status-publish","hentry"],"_links":{"self":[{"href":"https:\/\/corepack.com.mx\/index.php\/wp-json\/wp\/v2\/pages\/2422","targetHints":{"allow":["GET"]}}],"collection":[{"href":"https:\/\/corepack.com.mx\/index.php\/wp-json\/wp\/v2\/pages"}],"about":[{"href":"https:\/\/corepack.com.mx\/index.php\/wp-json\/wp\/v2\/types\/page"}],"author":[{"embeddable":true,"href":"https:\/\/corepack.com.mx\/index.php\/wp-json\/wp\/v2\/users\/3"}],"replies":[{"embeddable":true,"href":"https:\/\/corepack.com.mx\/index.php\/wp-json\/wp\/v2\/comments?post=2422"}],"version-history":[{"count":2,"href":"https:\/\/corepack.com.mx\/index.php\/wp-json\/wp\/v2\/pages\/2422\/revisions"}],"predecessor-version":[{"id":2514,"href":"https:\/\/corepack.com.mx\/index.php\/wp-json\/wp\/v2\/pages\/2422\/revisions\/2514"}],"wp:attachment":[{"href":"https:\/\/corepack.com.mx\/index.php\/wp-json\/wp\/v2\/media?parent=2422"}],"curies":[{"name":"wp","href":"https:\/\/api.w.org\/{rel}","templated":true}]}}